hat is the units digit of b?
2
Let a = -35 + 50. What is the tens digit of a?
1
Let a(n) = -n - 14*n**2 + 6*n**2 + 9 + 3*n**3 - 2*n**3. What is the units digit of a(8)?
1
Suppose x + 22 = 4*x - o, 50 = 5*x - 5*o. Let a(y) = -11*y**2 + y - 19. Let g(s) = 5*s**2 + 9. Let b(u) = 6*a(u) + 13*g(u). What is the units digit of b(x)?
3
Suppose 3*q = 4*u + 9, 0*q + 3 = 3*q - 2*u. Let l = q - -1. What is the units digit of (-2)/6*-3 - l?
1
Suppose -2*u = u. Suppose 0*p - 3*p = u. Suppose p = -4*n + 8. What is the units digit of n?
2
Let i(w) = -w**3 - 4*w**2 - 2*w - 4. Let l be i(-4). Suppose -21 = -6*t - t. Suppose -y + 10 = -t*r + l*r, 0 = -r - 4*y + 13. What is the units digit of r?
9
Let w = 18 + -13. What is the units digit of w?
5
Let z be (-5)/(25/56)*-5. Suppose 4*q = 4 + z. What is the tens digit of q?
1
Let b = 6 + -2. Let j be (75/2)/(3/b). Let t = j - 36. What is the units digit of t?
4
Let b be -1*(-6)/(-9)*6. Let d(p) = p**3 + 3*p**2 - 5*p. What is the units digit of d(b)?
4
Let b(t) = t**2 + 16*t - 7. What is the hundreds digit of b(6)?
1
Suppose 2*f - 3*q = -44, -68 = 3*f + q - 5*q. Let i = -15 - f. What is the units digit of i?
3
Let q = 148 - -91. What is the units digit of q?
9
Let f(k) = 3*k**2 + 1. Let d be f(-1). Suppose -8*y = -d*y - 16. Suppose -3*j - 2*p = -0*p - y, -2*p - 24 = -4*j. What is the units digit of j?
4
Let a(p) = -p**3 + 17*p**2 - 24*p - 18. What is the units digit of a(12)?
4
Suppose -5*t - 50 = -5*k - 0*t, 0 = 4*k - 5*t - 35. Suppose b + 4*b - k = 0. What is the units digit of b?
3
Let q be (-2)/3*9/2. Let r = q + 7. What is the units digit of r?
4
Suppose 3*l = -2*l + 15. Suppose -70 = -5*d + l*d. Suppose k = -4*k + d. What is the units digit of k?
7
Let f(l) = -6*l**2 - 4*l. Let y be f(-3). What is the tens digit of 182/y*(-1 - 5)?
2
Suppose -2*n = 2*n. Let t(r) = r**2 - r + 8. What is the units digit of t(n)?
8
Let g(q) = -q**2 - q. Let v be g(-1). Let h = v - -7. What is the units digit of h?
7
Let o = -102 - -180. What is the tens digit of o?
7
Let t(w) be the first derivative of 2*w**3 - 3*w**2/2 + 2. Let a be t(2). Suppose y + 2*y = a. What is the units digit of y?
6
Let n = -4 - -10. Suppose g + 50 = n*g. What is the tens digit of g?
1
Suppose -u = l + l - 104, 204 = 4*l + u. What is the units digit of l?
0
What is the hundreds digit of 580/2 + (-16 - -11)?
2
Let l(v) be the second derivative of 5*v**4/12 + v**3/3 - v**2/2 - 3*v. What is the units digit of l(-3)?
8
Let s(q) = -q - 3. Let t be s(-6). Suppose 4*z + 39 = 5*v, 0 = -4*v + 4*z - t + 31. What is the tens digit of v?
1
Let f be (-1 - 1) + -1 + 0. Let t = 15 + f. What is the units digit of t?
2
Let y = 24 - 45. Let l = y - -31. Let q = -6 + l. What is the units digit of q?
4
What is the units digit of 12/(-9) - (-186)/18?
9
Let k(v) = v**2 + 5*v. Suppose -15 + 0 = -5*i. Suppose -4*o = -i*o + 6. What is the units digit of k(o)?
6
Let k(l) = -l**3 + 13*l**2 + 2*l + 17. What is the units digit of k(13)?
3
Suppose -5*v + 10*v = 400. What is the tens digit of v?
8
Let b(g) = g**3 - g + 4. Let o be b(0). Let p(y) = -o*y**3 + 5*y**3 + y - 5 - 4*y**2 + 2*y - 2*y**3. What is the units digit of p(-5)?
5
Suppose 2*g = 3*g - 47. Suppose 4*m + 2*p = -48, 0 = m + 4*m - 4*p + g. Let k = m + 22. What is the tens digit of k?
1
Suppose -s + 3*s - 28 = 0. What is the units digit of s?
4
Let w(z) = -z**3 - 2*z**2 + 6*z + 8. What is the units digit of w(-4)?
6
Let j(s) = 5*s**2 - 2*s - 2. Let b(k) = 14*k**2 - 5*k - 5. Let h(t) = 4*b(t) - 11*j(t). What is the units digit of h(3)?
7
Let r = -31 + 141. Suppose r = -h + 3*h. What is the units digit of h?
5
Let b(p) = -2*p + 4. Let k be b(5). What is the units digit of (-20)/(-4*(-1)/k)?
0
Let s be (-43)/(-4) - (-9)/(-12). Suppose -6 + 1 = 5*b, -2*b = -4*p + s. What is the units digit of p?
2
Suppose 0 = 3*s - s + 6. What is the units digit of s/(-9)*(-6)/(-2)?
1
Suppose -3*z + 9 = -0*z. Suppose 0 = -4*o - 5*a + 72, -34 = o - z*o - 2*a. What is the tens digit of o?
1
Let f = 22 + -16. Suppose -a = 5, 48 = -2*c - f*a + 2*a. Let i = -9 - c. What is the units digit of i?
5
Let m(b) = -b**2 + 12*b + 2. Let a be (-645)/(-60) - 1/(-4). What is the tens digit of m(a)?
1
Suppose -5*m - 503 + 68 = 0. What is the units digit of m/(-12) + (-2)/8?
7
Let k(d) = d + 8. Let s be k(-6). Suppose 3*p = -4*g - 5 - 0, 4 = -g + s*p. What is the units digit of 18/14 + g/7?
1
Suppose -i + 14 = 4. Suppose 4*l - i = 6. Suppose 3*q - 2 = l. What is the units digit of q?
2
Suppose -89 = -3*v + 19. Suppose 3*r + v = 6*r. What is the units digit of r?
2
Let y(v) = 14*v**2 - 1. Suppose -2 = 5*i + 3. What is the units digit of y(i)?
3
Let r be (2 + 0)*(9 - 3). Suppose 2*c = -c + r. What is the units digit of c?
4
Let n(s) = -4*s + 17*s**2 + 2 + 7*s + s - 15*s**2. Let u be n(-2). Suppose -4*p + u*p = -18. What is the units digit of p?
9
Suppose 24 + 1 = -5*x. What is the units digit of 0 - (x + 2 + -1)?
4
Suppose -14 = 3*u - 5*n, n + 4 = -0*u + 4*u. Let y(h) = -h + 4. What is the units digit of y(u)?
2
Suppose 0 = c - 6. Suppose -3*j - c = 3*g, 0 = -5*g - j - 2. Suppose g = -x - 2 + 3. What is the units digit of x?
1
Let q(r) = 5*r**2 - 3*r + 7. Let x be -1 + -1 + 1 + -6. Let v(b) = -2*b**2 + 2*b - 4. Let m(y) = x*v(y) - 3*q(y). What is the units digit of m(-5)?
7
Let l = 8 + -20. Let f = 33 + l. What is the tens digit of f?
2
Let t = 15 - 12. Suppose -13 = -t*l + 41. What is the tens digit of l?
1
Suppose -4*c = 5*o + 25, -3*c = -4*c - o - 5. Suppose -2*d + 6 = -0*d + 3*n, c = d - 4*n - 3. What is the units digit of d?
3
Suppose 0 = -8*l + 2*l - 42. Let h(d) = 7*d**3 + 6*d**2 - 7*d + 4. Let r(p) = -p**3 - 1. Let i(m) = -h(m) - 6*r(m). What is the units digit of i(l)?
2
Suppose -y + 5*u = y - 267, -3*y + u = -368. What is the hundreds digit of y?
1
Suppose 66 = 7*b - 88. What is the units digit of b?
2
Let d = -34 + 58. What is the tens digit of d?
2
Suppose -2*i + 10 = -4*i + 4*h, 0 = 4*i - 4*h + 28. Let d be (i + -1)*2/2. What is the units digit of (-56)/d - (-2)/5?
6
Let s = 4 + -3. What is the units digit of 13/s - 4/2?
1
Let a = 260 - 124. What is the units digit of a?
6
Suppose 722 = 5*a - 2*y, 3*a - 4*y - 142 - 280 = 0. What is the units digit of a?
6
Let j = -32 + 65. What is the units digit of j?
3
Let j(k) = -k**3 + 8*k**2 - 9*k + 3. What is the units digit of j(6)?
1
Suppose -w = -4*v - 30, 0 = -w + 3*v - 2*v + 42. What is the units digit of w?
6
Let n(a) = a + 4. Suppose -4 + 6 = -x. What is the units digit of n(x)?
2
Let x(t) = -t**3 + 6*t**2 + 4*t - 9. Let c be -3 - (-1 + 4)*-3. What is the tens digit of x(c)?
1
Suppose -4*w + w - 318 = 0. Let d = 51 + w. What is the units digit of (8/(-10))/(2/d)?
2
Let y be 1/2*(-8)/(-2). Suppose -p + 0*p + y = 0. What is the units digit of p?
2
Suppose d + 3*y = 5*y - 11, -13 = 3*d - 2*y. Suppose 0 = -3*h + 5*u - 7, 2*h - 12 = -0*h - 5*u. What is the units digit of 2 + d - (-7 + h)?
7
Let b be (0*(-2)/(-6))/(-1). Suppose -a + 3*a - 60 = b. Suppose 7*j = 2*j + a. What is the units digit of j?
6
Let i(u) = u**2 - 14*u + 11. What is the units digit of i(23)?
8
Let y(w) = -w**3 - 8*w**2 - 7*w + 1. Let s be y(-7). Let g = s + 2. What is the units digit of g?
3
Suppose 0 = 2*x + 5*t - 0*t + 1, 4*t + 10 = 3*x. Suppose -x*v + 2*w + 21 = -w, -4*v + 4*w + 44 = 0. What is the tens digit of v?
1
Let u(r) = 2 + r**2 - 20*r + 26*r + 1. What is the units digit of u(-7)?
0
Let w be (4 - 6/2)*2. Suppose 20 = w*d + 2*d. Suppose g = -g + h + 9, -3*g - d*h = -20. What is the units digit of g?
5
Let f = 27 + -22. Suppose 3*c = -0*c - 6. Let k = f + c. What is the units digit of k?
3
Suppose 7*f - 9*f + 58 = 0. Let h = -18 + f. What is the tens digit of h?
1
Suppose -61 = -3*l - 5*p, 46 = 2*l - 2*p + 4*p. What is the units digit of l?
7
Suppose 0 = 5*t - 10 - 5. What is the tens digit of -3 + 13 + 6/t?
1
Let r(m) = m**2 + 3*m. Let v be r(-3). Let i(n) be the second derivative of n**4/12 + 7*n**2 + 8*n. What is the tens digit of i(v)?
1
Let m be ((-6)/4)/(14/(-840)). Suppose 0 = -5*k + 2*k + m. What is the tens digit of k?
3
Let w(l) = -17*l**2 + 2*l. Let f(j) = 8*j**2 - j. Let u(t) = 5*f(t) + 2*w(t). Let q be u(1). Suppose -q*k + 41 = -9. What is the units digit of k?
0
Let k(l) = l**3 + 3*l**2 + 4. What is the units digi